908995068?
0
What is the ten thousands digit of 94046055?
4
What is the billions digit of 2743024869?
2
What is the units digit of 1485844911?
1
What is the millions digit of 143506215?
3
What is the units digit of 151783431?
1
What is the units digit of 323088791?
1
What is the ten thousands digit of 832706878?
0
What is the ten millions digit of 180731085?
8
What is the millions digit of 3368228?
3
What is the tens digit of 648761863?
6
What is the millions digit of 1425156015?
5
What is the ten millions digit of 2926108851?
2
What is the ten millions digit of 814939721?
1
What is the ten millions digit of 19848841?
1
What is the millions digit of 76371783?
6
What is the thousands digit of 1132006467?
6
What is the tens digit of 261627325?
2
What is the tens digit of 145647971?
7
What is the thousands digit of 708199975?
9
What is the thousands digit of 391520779?
0
What is the units digit of 2696904899?
9
What is the millions digit of 189221367?
9
What is the millions digit of 711782395?
1
What is the hundred millions digit of 242880029?
2
What is the thousands digit of 136194023?
4
What is the ten millions digit of 1659135249?
5
What is the thousands digit of 1600189526?
9
What is the thousands digit of 2806507682?
7
What is the millions digit of 2753359043?
3
What is the thousands digit of 839592230?
2
What is the units digit of 2548344618?
8
What is the hundred thousands digit of 91337485?
3
What is the hundred thousands digit of 5783331?
7
What is the hundreds digit of 109483531?
5
What is the ten thousands digit of 8042540?
4
What is the millions digit of 64512283?
4
What is the ten thousands digit of 64989716?
8
What is the millions digit of 75157602?
5
What is the tens digit of 298830451?
5
What is the billions digit of 1149544307?
1
What is the hundred millions digit of 198832640?
1
What is the millions digit of 19561751?
9
What is the ten thousands digit of 970320221?
2
What is the millions digit of 56243170?
6
What is the millions digit of 89101799?
9
What is the millions digit of 641565323?
1
What is the units digit of 323412853?
3
What is the ten thousands digit of 76856505?
5
What is the hundred millions digit of 192647966?
1
What is the thousands digit of 35039172?
9
What is the units digit of 490748525?
5
What is the hundred thousands digit of 385519249?
5
What is the hundreds digit of 2149433604?
6
What is the units digit of 638421684?
4
What is the ten millions digit of 926108884?
2
What is the tens digit of 6152857975?
7
What is the hundreds digit of 70674447?
4
What is the hundreds digit of 31134907?
9
What is the millions digit of 521566375?
1
What is the units digit of 75290393?
3
What is the tens digit of 210489731?
3
What is the ten millions digit of 26341541?
2
What is the hundred millions digit of 6730374716?
7
What is the ten millions digit of 590857430?
9
What is the tens digit of 130015742?
4
What is the hundred millions digit of 103751718?
1
What is the millions digit of 27596227?
7
What is the ten thousands digit of 36834039?
3
What is the units digit of 101718351?
1
What is the ten millions digit of 2289395447?
8
What is the units digit of 1900401542?
2
What is the hundred thousands digit of 1674641334?
6
What is the hundreds digit of 77282636?
6
What is the ten thousands digit of 15481119?
8
What is the hundreds digit of 12683506?
5
What is the units digit of 112041713?
3
What is the millions digit of 6343645?
6
What is the units digit of 50865884?
4
What is the ten thousands digit of 3439517056?
1
What is the tens digit of 2056685?
8
What is the millions digit of 42246876?
2
What is the tens digit of 1973672464?
6
What is the ten thousands digit of 116174016?
7
What is the hundred thousands digit of 52978847?
9
What is the ten millions digit of 819606607?
1
What is the hundred millions digit of 944758892?
9
What is the ten thousands digit of 194265659?
6
What is the ten thousands digit of 26692206?
9
What is the billions digit of 1542277531?
1
What is the millions digit of 383450086?
3
What is the thousands digit of 1583227715?
7
What is the hundreds digit of 695834?
8
What is the tens digit of 218907865?
6
What is the millions digit of 651393832?
1
What is the units digit of 4039144787?
7
What is the ten millions digit of 472413992?
7
What is the thousands digit of 6615985528?
5
What is the thousands digit of 284010151?
0
What is the ten millions digit of 1428104619?
2
What is the units digit of 20752630?
0
What is the thousands digit of 188505052?
5
What is the hundred thousands digit of 23564167?
5
What is the hundred millions digit of 126967306?
1
What is the hundred thousands digit of 135455883?
4
What is the millions digit of 83468280?
3
What is the tens digit of 414837005?
0
What is the hundred thousands digit of 33290030?
2
What is the hundred thousands digit of 2399835639?
8
What is the millions digit of 161126668?
1
What is the millions digit of 724420906?
4
What is the ten thousands digit of 27143761?
4
What is the ten thousands digit of 689943066?
4
What is the hundred thousands digit of 83188276?
1
What is the hundred thousands digit of 73582948?
5
What is the ten thousands digit of 97691664?
9
What is the thousands digit of 257744540?
4
What is the hundreds digit of 321555001?
0
What is the hundred thousands digit of 56003109?
0
What is the millions digit of 184247075?
4
What is the thousands digit of 136889656?
9
What is the ten thousands digit of 1190412854?
1
What is the ten thousands digit of 42233329?
3
What is the units digit of 2436458774?
4
What is the hundred millions digit of 524244662?
5
What is the millions digit of 73642425?
3
What is the ten millions digit of 712658631?
1
What is the hundreds digit of 1524518919?
9
What is the hundreds digit of 90137442?
4
What is the millions digit of 800564849?
0
What is the thousands digit of 7138338?
8
What is the thousands digit of 1855749756?
9
What is the hundred millions digit of 804655744?
8
What is the ten millions digit of 2547263147?
4
What is the ten thousands digit of 29194682?
9
What is the hundreds digit of 2292689773?
7
What is the thousands digit of 1354567858?
7
What is the hundred thousands digit of 82644534?
6
What is the units digit of 111758334?
4
What is the units digit of 6819287461?
1
What is the tens digit of 82322689?
8
What is the ten thousands digit of 40082372?
8
What is the thousands digit of 2195269132?
9
What is the hundred thousands digit of 1890645755?
6
What is the thousands digit of 44104394?
4
What is the hundred millions digit of 348963565?
3
What is the hundred thousands digit of 362543704?
5
What is the thousands digit of 32239821?
9
What is the ten millions digit of 2048490564?
4
What is the hundred millions digit of 1203778031?
2
What is the ten thousands digit of 24772852?
7
What is the millions digit of 26376224?
6
What is the units digit of 358137627?
7
What is the tens digit of 110475280?
8
What is the ten thousands digit of 144140858?
4
What is the millions digit of 1060410484?
0
What is the hundred thousands digit of 1172936813?
9
What is the units digit of 1554211773?
3
What is the millions digit of 33088387?
3
What is the ten thousands digit of 1314326322?
2
What is the units digit of 80276798?
8
What is the tens digit of 28233130?
3
What is the units digit of 404531800?
0
What is the units digit of 132505248?
8
What is the billions digit of 1804438482?
1
What is the thousands digit of 37606331?
6
What is the ten thousands digit of 1894509694?
0
What is the hundreds digit of 68587311?
3
What is the billions digit of 5285926533?
5
What is the tens digit of 692056660?
6
What is the ten thousands digit of 390934241?
3
What is the ten thousands digit of 117273258?
7
What is the hundreds digit of 120748515?
5
What is the millions digit of 238916821?
8
What is the ten millions digit of 179794554?
7
What is the ten thousands digit of 23106756?
0
What is the ten thousands digit of 397091276?
9
What is the units digit of 843495908?
8
What is the millions digit of 148258647?
8
What is the hundred thousands digit of 68681622?
6
What is the millions digit of 3431913447?
1
What is the hundred thousands digit of 114537333?
5
What is the units digit of 2814526915?
5
What is the millions digit of 54942239?
